(b) = -b**2 - 19*b + 142. What is j(6)?
-8
Let l(z) = -3*z - 18. What is l(11)?
-51
Let p(v) = -5*v - 24. What is p(-6)?
6
Let x(i) = -i**2 + 29*i - 169. Calculate x(18).
29
Let z(j) = 16*j**2 - 4*j. Give z(2).
56
Let j(a) = -a**3 + 11*a**2 - 20*a - 11. Calculate j(9).
-29
Let u(p) = p**3 + 15*p**2 + 16*p + 22. Calculate u(-14).
-6
Let v(c) = 15*c - 2. Determine v(5).
73
Let u(g) = g**2 - 5*g - 8. Give u(8).
16
Let l(g) = -2*g**2 + 2*g - 4. What is l(-2)?
-16
Let a(w) = -w**2 - 5*w + 16. Give a(-9).
-20
Let s(c) = 4*c**2 - 11*c + 6. Determine s(4).
26
Let p(q) = -17*q - 1. Determine p(3).
-52
Let u(v) = v**2 - 5*v + 6. Calculate u(0).
6
Let r(c) = c**3 - 7*c**2 + c + 2. Give r(-3).
-91
Let j(c) = -c**2 - c + 14. Determine j(0).
14
Let v(z) = -z**2 - 83*z - 595. Determine v(-8).
5
Let d(u) = u + 7. Give d(-6).
1
Let n(a) = a**3 - 9*a**2 + 7*a + 14. Give n(8).
6
Let j(l) = l**3 + 7*l**2 - 2*l. Give j(-7).
14
Let q(n) = -2*n**3 + 3*n**2 - 3*n + 3. What is q(3)?
-33
Let s(i) = i**3 - 7*i**2 + 6*i - 8. Determine s(6).
-8
Let b(x) = 5*x**3 + x**2 - 2*x + 1. Calculate b(1).
5
Let p(b) = 2*b**2 - 50*b + 7. Give p(25).
7
Let r(v) = -v**3 - 3*v**2 - 20*v - 4. Determine r(-4).
92
Let c(m) = -20*m - 188. Determine c(-10).
12
Let t(p) = -2*p + 34. Calculate t(14).
6
Let o(q) = -q**3 + 2*q**2 + 2*q + 1. Give o(2).
5
Let w(m) = -m**2 - 61*m + 74. Determine w(-62).
12
Let j(o) = -32*o + 67. What is j(2)?
3
Let c(k) = k - 2. Calculate c(1).
-1
Let x(o) = 21*o - 29. Give x(2).
13
Let o(l) = -l**3 + 8*l**2 - 7*l - 24. What is o(7)?
-24
Let o(w) = -6*w + 12. Calculate o(-2).
24
Let g(f) = f**3 + 25*f**2 - 4*f - 65. What is g(-25)?
35
Let x(a) = 13*a + 145. What is x(-12)?
-11
Let f(w) = -w**3 + 12*w**2 - 13*w + 5. Give f(11).
-17
Let o(c) = 2*c - 15. Give o(12).
9
Let y(k) = k**3 + 8*k**2 + 4*k - 43. Determine y(-6).
5
Let d(w) = -2*w**2 - 46*w - 53. What is d(-19)?
99
Let k(d) = d**3 - 4*d**2 + 1. What is k(3)?
-8
Let r(k) = -k**2 - 6*k - 2. Determine r(-4).
6
Let i(s) = -s + 10. What is i(-14)?
24
Let y(d) = -d**3 - 18*d**2 - 34*d - 45. What is y(-16)?
-13
Let u(s) = -2*s**3 - 19*s**2 + 10*s + 12. Determine u(-10).
12
Let u(p) = p**3 + 4*p**2 + 4*p - 2. Calculate u(-5).
-47
Let b(u) = u**2 + 2*u + 7. Calculate b(-2).
7
Let f(m) = -m - 16. What is f(-2)?
-14
Let g(x) = -5*x + 112. Determine g(25).
-13
Let a(g) = -g**3 + 8*g**2 - 6*g - 3. Determine a(7).
4
Let n(g) = -7*g**3 + g. Give n(1).
-6
Let l(p) = 8*p**2 - 6*p - 22. Determine l(-2).
22
Let n(j) = j**3 - 7*j**2 - 4*j + 54. Determine n(6).
-6
Let i(m) = 22*m**2 + 8*m - 14. Determine i(2).
90
Let b(c) = c**2 - 17*c + 35. Calculate b(14).
-7
Let r(i) = i**3 + 21*i**2 - i - 11. Determine r(-21).
10
Let u(b) = -3*b**2 + 3*b + 7. Determine u(-3).
-29
Let r(c) = -c + 2. What is r(-10)?
12
Let q(n) = -n**3 - 4*n**2 + n + 4. Determine q(-3).
-8
Let r(w) = -3*w + 1. Calculate r(1).
-2
Let h(a) = -a**3 - 8*a**2 - 8*a - 7. Give h(-7).
0
Let p(o) = o**3 + 14*o**2 - 16*o - 6. Give p(-15).
9
Let i(s) = -s**3 + 15*s**2 + s - 21. Calculate i(15).
-6
Let h(x) = x**3 + 10*x**2 + 5*x - 5. Calculate h(-9).
31
Let g(q) = -q**3 - 4*q**2 - 6*q - 12. What is g(-5)?
43
Let s(l) = -l - 49. Give s(0).
-49
Let s(v) = -v**2 - 12*v + 1. Give s(-11).
12
Let c(a) = a + 7. What is c(-11)?
-4
Let f(g) = -g**3 - 12*g**2 - 15*g. Determine f(-11).
44
Let h(z) = -z - 3. What is h(1)?
-4
Let k(w) = w**2 - w - 8. Determine k(6).
22
Let k(j) = -j**2 + 3*j + 147. Determine k(14).
-7
Let s(g) = 24*g + 77. Determine s(-3).
5
Let j(p) = -p**2 - 3. Calculate j(-5).
-28
Let u(p) = -4*p**2 - 2*p - 4. Determine u(-2).
-16
Let z(a) = -a**3 - 5*a**2 + 4. What is z(-4)?
-12
Let f(j) = -2*j**3 + j**2 + 5*j - 6. Give f(2).
-8
Let n(x) = -77*x + 2. Calculate n(1).
-75
Let c(l) = l**3 + 6*l**2 - l + 7. Calculate c(-6).
13
Let n(a) = -10*a + 120. Calculate n(12).
0
Let k(r) = r**2 + 2*r - 71. Calculate k(-11).
28
Let x(j) = 9*j**2 - 14*j - 30. What is x(-2)?
34
Let f(p) = -7*p + 98. What is f(11)?
21
Let f(w) = -3*w**2 + 4*w + 5. What is f(-1)?
-2
Let a(c) = c**3 - 8*c**2 - 5. Determine a(8).
-5
Let a(u) = -u**3 - 4*u**2 + 29*u - 5. Calculate a(-7).
-61
Let q(y) = -y**3 + 17*y**2 - 46*y + 48. Determine q(14).
-8
Let a(p) = -p**2 + 12*p - 11. Give a(13).
-24
Let c(i) = -i**2 - 8*i - 4. Determine c(-3).
11
Let f(q) = -7*q**3 - q**2 + q + 2. Give f(-2).
52
Let i(r) = r**3 - 8*r**2 + 8*r + 2. Give i(7).
9
Let m(b) = -6*b**3 + 3*b**2 - b - 1. What is m(1)?
-5
Let m(c) = c**2 + 5*c - 15. Give m(-8).
9
Let s(x) = -x**2 + 12*x + 3. Calculate s(11).
14
Let o(g) = g**2 + 8*g + 11. Determine o(-4).
-5
Let p(f) = f**2 - 4*f - 1. What is p(3)?
-4
Let j(n) = -n**2 - 9*n - 6. What is j(-6)?
12
Let j(o) = o**3 + o + 18. What is j(0)?
18
Let r(n) = 2*n**3 + 10*n**2 + 4*n + 10. Give r(-6).
-86
Let u(m) = -3*m**3 + m**2 - 1. What is u(3)?
-73
Let y(x) = 5*x**2 - 2*x + 1. Give y(2).
17
Let g(z) = 2*z + 24. What is g(-10)?
4
Let f(k) = -2*k + 15. Give f(-3).
21
Let u(j) = j**3 - 2*j + 3. Determine u(3).
24
Let x(w) = -w**3 - 4*w**2 + 13*w - 1. Give x(-6).
-7
Let x(o) = o**2 + 6*o + 18. Calculate x(-6).
18
Let g(k) = 6*k + 21. Give g(-6).
-15
Let r(w) = 7*w**2 - 6*w + 2. Give r(4).
90
Let i(m) = -5*m - 66. What is i(-15)?
9
Let b(k) = -k**2. What is b(-2)?
-4
Let k(f) = f**3 - 6*f**2 - 6*f + 2. Calculate k(8).
82
Let i(f) = -f + 47. Give i(20).
27
Let n(z) = z**2 - 12*z + 22. What is n(11)?
11
Let m(w) = 8*w**3 + 2*w. Calculate m(2).
68
Let g(y) = -y**3 + 15*y**2 - 32*y - 12. Calculate g(12).
36
Let v(q) = -2*q**2 + 8*q + 11. Give v(8).
-53
Let h(w) = -3*w + 25. Give h(9).
-2
Let j(s) = -6*s**3 - 3*s**2 + s + 1. Calculate j(2).
-57
Let p(c) = -c**3 - 4*c**2 + c + 1. Calculate p(-3).
-11
Let y(b) = -4*b - 179. Calculate y(-44).
-3
Let g(v) = 15*v + 3. Determine g(3).
48
Let f(a) = a**3 - 22*a**2 + 2*a - 56. Calculate f(22).
-12
Let y(n) = -3*n**2 + 4. Determine y(4).
-44
Let l(g) = 2*g**2 - 1. What is l(1)?
1
Let t(c) = -c**3 - 26*c**2 - 48*c + 6. What is t(-24)?
6
Let g(b) = b**3 + 2*b**2 - b - 4. Calculate g(-4).
-32
Let y(r) = r**2 + 34*r + 86. Calculate y(-32).
22
Let n(v) = 8*v + 4. Calculate n(5).
44
Let h(m) = 2*m - 15. What is h(10)?
5
Let g(i) = -4*i - 20. Calculate g(-8).
12
Let x(w) = w**2 + 10*w - 5. Determine x(-10).
-5
Let j(r) = 13*r - 9. Calculate j(3).
30
Let f(a) = -a**2 - 10*a + 2. Calculate f(-11).
-9
Let q(h) = h**2 - 6. What is q(0)?
-6
Let n(o) = 3*o**2 - 15*o + 8. Calculate n(8).
80
Let b(s) = -s - 3. Calculate b(-5).
2
Let o(d) = -d**3 - d**2 - 2*d - 31. Determine o(0).
-31
Let i(c) = -16*c - 130. Calculate i(-8).
-2
Let l(f) = f**3 + 7*f**2 - 5*f - 7. What is l(-8)?
-31
Let k(b) = 5*b + 21. Determine k(-7).
-14
Let i(h) = -h**3 + 8*h**2 + 10*h - 5. What is i(8)?
75
Let f(m) = m**3 - 4*m**2 - 4*m + 4. Calculate f(5).
9
Let k(o) = o**2 + 6*o - 9. What is k(2)?
7
Let z(d) = 114*d - 10. Give z(1).
104
Let w(z) = z**2 + 2*z - 3. What is w(0)?
-3
Let f(p) = p**2 - 18*p + 20. Give f(16).
-12
Let r(w) = -2*w**2 - 56*w + 62. What is r(-29)?
4
Let i(k) = -k**3 - 15*k**2 - 15*k - 10. What is i(-14)?
4
Let c(o) = -74*o - 1190. What is c(-16)?
-6
Let d(q) = q**3 + q**2 - 2*q - 3. Determine d(0).
-3
Let r(o) = 2*o**2 + 9*o - 31. Give r(-9).
50
Let m(o) = o**3 - 4*o**2 - 5*o - 12. What is m(5)?
-12
Let n(c) = 25*c + 258. Determine n(-10).
8
Let w(u) = u**3 + 7*u**2 + 8*u + 2. Calculate w(-6).
-10
Let j(c) = -10*c - 2. Determine j(3).
-32
Let k(w) = -3*w + 4. What is k(-3)?
13
Let g(s) = -3*s**2 - 15*s - 7. What is g(-6)?
-25
Let u(r) = 7*r. Calculate u(-1).
-7
Let i(c) = -c**2 - 20*c - 8. Determine i(-20).
-8
Let s(k) = -k**3 - 6*k**2 + 7*k + 40. Give s(-6).
-2
Let j(p) = p**2 + 38*p - 126. Calculate j(-41).
-3
Let l(i) = -2*i**2 + 39*i + 14. Calculate l(20).
-6
Let x(c) = c + 4. Determine x(-8).
-4
Let x(y) = y**3 + 32*y**2 - 38*y - 168. Calculate x(-33).
-3
Let c(y) = y**3 + 14*y**2 + 13*y + 4. Give c(-13).
4
Let s(x) = -28*x + 137. What is s(6)?
-31
Let v(u) = -13*u**3 - u**2. Calculate v(1).
-14
Let p(l) = -l**3 - 2*l**2 + 13*l + 10. What is p(-4)?
-10
Let r(n) = -30*n + 7. Calculate r(3).
-83
Let t(k) = k**3 + 6*k**2 - 7*k + 5. Calculate t(-7).
5
Let u(j) = -j**3 + 5*j + 3. Determine u(4).
-41
Let g(o) = -2*o + 33. Determine g(19).
-5
Let y(c) = -2*c**2 - 67*c - 86.